. Let i(t) = u*a(t) + 8*d(t). Give i(6).
8
Let a be 16/6 - 4/(-12). Let n(h) be the second derivative of -h - 1/12*h**4 + 0 + 1/20*h**5 + h**2 - 1/2*h**3. Calculate n(a).
11
Let s(l) = l - 6. Let g be ((-27)/36 - -1)*-16. Calculate s(g).
-10
Let z be ((-8)/5)/(3/(-4 + -11)). Let b(m) = -7*m + 2*m + 6*m - 5 + 0*m. Calculate b(z).
3
Let u(o) be the second derivative of o**3/3 - o**2 - 3*o. Suppose 15 = -4*l - 2*f + 5*f, -l + 10 = 2*f. Suppose d + 5*d + 24 = l. Give u(d).
-10
Let q(i) = i**3 + 4*i**2 - 2*i + 7. Suppose 4*o - 15 = o. Let m be 4 - o/((-20)/(-36)). Calculate q(m).
-8
Let g(o) = -o**3 + 8*o**2 - 9*o + 6. Let z(r) = r + 46. Let f be z(8). Let w = f + -47. Give g(w).
-8
Let d be (-7 - 430/(-60)) + (-87)/(-18). Let w(c) = -c - 2. Let r(m) = 1. Let p(v) = 2*r(v) + w(v). Give p(d).
-5
Let l(n) = -6*n**3 - 4*n**2 + n - 4. Let w(o) = -o**3 - 1. Let i = -83 + 88. Let a(t) = i*w(t) - l(t). Give a(-4).
3
Suppose -2*d - 4*r + 32 = 2*d, -5*d = 3*r - 34. Suppose d*y + 18 = 3. Let s(v) = -v + 1. Calculate s(y).
4
Let y be ((-3)/108)/(30/(-18)). Let a(q) be the third derivative of -1/6*q**4 + 0 + 2*q**2 - y*q**5 + 0*q + 2/3*q**3. Calculate a(-4).
4
Let u(t) = 2 + 2*t**2 + 2 + 171*t - 339*t + 164*t. Calculate u(4).
20
Let b(v) = -7*v - 55*v + 59*v + v**2 + 6. Give b(6).
24
Let n(b) = -3*b - 22. Let t = 1529 + -1541. Give n(t).
14
Let c(l) = l**2 + 5*l + 4. Let i be -5 - ((-15)/5 + 4). Let o = i - -3. What is c(o)?
-2
Let w(p) = 2*p**2 + 2*p - 1. Suppose -2*k + 5 = 5*s, -4*s - 10 + 14 = -3*k. Give w(s).
3
Let g(p) be the first derivative of p**3 + 5*p**2/2 + 3*p - 49. Determine g(-2).
5
Let n(y) = -2*y + 5. Let o(m) = -4*m + 9. Let r(z) = -5*n(z) + 2*o(z). Suppose 0 = 2*i - 4*f + 26, 3*f = -3*i - 23 + 2. Let c = 14 + i. Give r(c).
3
Let w(v) = -11*v - 2. Let q(p) = 15*p + 2. Let l(r) = -3*q(r) - 4*w(r). What is l(4)?
-2
Let h(u) = 6*u + 6. Suppose -231 = 278*g - 311*g. Give h(g).
48
Let x(o) be the third derivative of -o**6/120 + o**5/60 + o**4/8 - o**3/6 - 14*o**2. Let v(z) = z**3 + 2*z**2 - 3*z + 2. Let n be v(-3). Calculate x(n).
1
Let q(n) = 3*n. Suppose 0 = -3*s + 3 - 0. Let l be (-12)/15*10/(-4). Let g be s*(-1 - 1)/l. Calculate q(g).
-3
Let b be ((-264)/27 - (-2)/(-9))/(-2). Let y be (-1)/(b/5*1). Let q(g) = 5*g**3 - 2*g - 1. Calculate q(y).
-4
Suppose 15*d = -1 + 121. Let f(k) = 32*k**2 - 4*k - 15*k**2 - d - 16*k**2. Give f(6).
4
Suppose 3*b - 2*k - 17 = 6, -11 = -2*b - 3*k. Suppose -5*x = -6*x + b*x. Let s(v) = -v + 20. Give s(x).
20
Let x(o) = -20 - 7*o - 16 - 12 + 54. Give x(4).
-22
Let o(i) = i**3 - 8*i**2 + 7*i + 1. Let r = -62 + 66. Suppose 23 + 5 = r*q. Give o(q).
1
Suppose -10*m + 8*m = 3*l + 8, -2*l + m = 3. Let n(r) = 16*r + 3. What is n(l)?
-29
Let p be -1 - 1/(1/((-5)/1)). Suppose 9 = 5*o - 4*o + p*g, 3*g = o + 5. Let s(a) = 5*a**2 + 1. What is s(o)?
6
Let a = -28 - -50. Suppose -2*g - a + 2 = -4*m, 0 = -m + 3*g. Let w(u) = -6*u + 1 + 1 + 5*u - 4. Give w(m).
-8
Let r(w) = 3 + 9*w - 67*w + 17*w + 18*w + 19*w. What is r(5)?
-17
Let s(o) = 8*o + 0*o + 16 - 10*o + 5 - 15. Let m(d) = -3*d + 1. Let x be m(-1). What is s(x)?
-2
Let c(r) = -r. Suppose -2*v + 10 = -0. Let l(h) = 7*h + 2. Let f(o) = v*c(o) + l(o). Let m(d) = d**2 - 21*d - 43. Let t be m(23). Calculate f(t).
8
Let p(o) be the first derivative of o**3/3 - 5*o**2/2 + 3. Give p(3).
-6
Let n(i) be the first derivative of i**6/120 + i**5/60 + i**4/24 - i**3/6 - 21*i**2/2 - 16. Let d(o) be the second derivative of n(o). Give d(2).
13
Let i(p) = -p**3 - 7*p**2 - 6*p + 3. Let s = -613 + 607. What is i(s)?
3
Let k(u) = u + 1. Let d(f) = -f**2 - 13*f - 11. Let y(i) = d(i) + 5*k(i). Let m be y(-8). Let w(t) = -9*t + 6*t - t - 5 + 3*t. Calculate w(m).
1
Suppose -31*d + 75 + 328 = 0. Let x(n) = n**2 - 12*n - 14. Determine x(d).
-1
Let b(u) = u**3 - 6*u**2 - 4*u + 14. Let l(k) = 2*k**2 - 4*k + 6. Let r be l(2). Calculate b(r).
-10
Let b(f) = f**2 - 3 - 2*f**2 - 65*f + 2*f**2 + 69*f. What is b(4)?
29
Let b(i) be the third derivative of 2*i**5/15 - 6*i**2 + 4. Give b(1).
8
Let s(y) be the first derivative of y**4/2 + y**3 - y**2 - 3*y - 159. Give s(-3).
-24
Let k(s) be the first derivative of -9*s**5/20 - s**4/12 - 13*s + 10. Let a(p) be the first derivative of k(p). Calculate a(1).
-10
Let w(c) = -c**2 - 2*c + 22. Let u(k) = 42*k - 595. Let d be u(14). What is w(d)?
-13
Let r(f) = -f**2 - 4*f + 1. Let c(s) = -s**2 - 4*s. Let d(o) = -2*o**3 + 3*o**2 - 1. Let y be d(2). Let b(h) = y*r(h) + 4*c(h). Calculate b(-6).
7
Let g(k) = k - 3. Suppose -203 = -z - 215. Let p be ((-4)/10)/((-1)/30). Let w = p + z. Determine g(w).
-3
Let y(v) = v - v - 4*v + 0*v + 3*v + 11. What is y(16)?
-5
Let b(r) = -5*r + 1. Let y be b(1). Let d be 13 + -11 - (0 + -10). Let h(p) = 0*p + 11*p**3 + 5*p - d*p**3 + 3 - 3*p**2. What is h(y)?
-1
Let x be (1/(-2))/((-1)/14). Let v be (-2 - 2 - 0)/(-1 + -1). Let z(s) = -5*s**2 - s**v + s**2 - 7 + 10*s + 4*s**2. Give z(x).
14
Suppose 3*y + 39 = 6*y. Let i = -13 + y. Suppose j + 2*j + 3 = i. Let n(h) = 5*h**3 - h - 1. Calculate n(j).
-5
Let w(h) = -2*h + 39. Let b be w(17). Let l(z) = 2*z - z + z + b*z. Suppose -6 = -4*d - 2. What is l(d)?
7
Suppose -9 = 11*d - 31. Let p(c) = -2*c**d + 2 - 22*c + 3*c**2 + 21*c + 0. Determine p(-3).
14
Suppose p - 2 + 10 = w, -3*p = -2*w + 21. Let r(l) be the third derivative of -l**6/120 + l**5/20 + l**4/12 - 2*l**3/3 + l**2. Determine r(w).
2
Suppose 4*b - 28 = 4*z, 0 = 6*z - z - 3*b + 27. Let f(d) = d**2 - 3. Calculate f(z).
6
Let m(i) = i**3 + 8*i**2 - 8*i + 4. Let z be m(-8). Let b = z + -65. Let o(a) = -2*a - a**3 + 2 + a**2 + 2*a**2 - 1. Calculate o(b).
-5
Let m be (1 + 1 + -4)*2. Let c(g) = 10*g. Let p(s) = 12*s. Let a(o) = 7*c(o) - 6*p(o). Calculate a(m).
8
Suppose 181 = -5*d - p - 101, -d + p - 54 = 0. Let o = d - -52. Let y(n) = n - 1. What is y(o)?
-5
Let o(m) = -4*m - 10. Suppose -64 = 23*f - 7*f. Calculate o(f).
6
Let q(m) = 2*m - 4. Let v be q(3). Let l(p) = -4*p - 1 + 5*p - v*p + 6*p. Suppose -5*k + 3 = -4*a, -5*k + 0*a - 3*a = 11. Determine l(k).
-6
Let c(p) = 10 + 80*p - 45*p - 34*p. Let y be (-4)/(-3)*6/(-1). Calculate c(y).
2
Let h(y) be the second derivative of -y**4/12 + 5*y**3/2 - 8*y**2 - 11*y. Determine h(14).
-2
Let s(a) = 4*a. Let o be 7/((0 + 1)/(-9 + 2)). Let d = -48 - o. What is s(d)?
4
Let p(k) = 5*k**3 + 3*k**2 - 4*k - 1. Let r(g) = -11*g**3 - 7*g**2 + 8*g + 2. Let i(u) = 9*p(u) + 4*r(u). Let z = 627 + -624. Determine i(z).
5
Suppose 10 = 3*a + 1. Suppose 2*x + 2 = -a*j + 9, 3*j - 10 = x. Let c(n) = -3 - 2 + n + j + n**2. Calculate c(0).
-2
Let l = -911 - -902. Let b(j) = j**3 + 8*j**2 - 11*j + 4. Calculate b(l).
22
Let f(c) = -c**3 - 3*c**2 + 30*c - 8. Let j be f(4). Let k(v) = -v**2 - 2*v + 17. Determine k(j).
17
Let u(f) = -f**3 - 5*f**2 + 4*f - 9. Let c be u(-6). Let j(a) = -56*a + 59*a - 2 + 2*a**3 - 1 - c*a**2. Determine j(2).
7
Let l(n) = n**2 + 6*n + 2*n**2 - 2*n**2. Suppose -2 = c + x - 3, 4*x = -3*c. Let a(h) = h**2 + 7*h + 1. Let d(z) = c*l(z) - 3*a(z). What is d(-4)?
1
Let d(a) = -12 + 18 - 1001*a**2 - 9*a + 1002*a**2. Give d(6).
-12
Let u be 1*6 - (0 + -2). Let o(c) = -c + 2*c**2 + u - 2*c**2 - c**2. Suppose 3*s - 5*y - 30 = 0, 5*s - 229*y + 228*y - 6 = 0. What is o(s)?
8
Suppose 0 = 2*o + o - 18. Let v(a) = -19*a**3 + 6*a**2 + 4*a + 9. Let p(q) = 51*q**3 - 18*q**2 - 10*q - 27. Let r(y) = 3*p(y) + 8*v(y). Give r(o).
3
Let s(k) = 18854*k - 18855*k + k**2 + 0*k**2. Determine s(1).
0
Let a(t) be the second derivative of -5*t**4/12 + t**3/6 + 2*t**2 + 3*t + 2. Calculate a(2).
-14
Let u(s) = -19 - s**3 - 7*s + 62 - 28 + 8*s**2 - 22. Determine u(7).
-7
Let y = -15 + 14. Let g(d) be the third derivative of d**4/6 + 15*d**2. What is g(y)?
-4
Let p be 4 - (48/18 - (-1)/3). Suppose 4*n + n + 10 = 5*f, n - p = 4*f. Let v(x) = 15*x**3 + x**2 - x - 1. Calculate v(f).
-14
Let w be (-2 - 125/(-45)) + (-4)/(-18). Let l(q) be the first derivative of w + 3/2*q**2 + 1/3*q**3 - 5*q. What is l(-5)?
5
Let a(p) = -p**3 + 5*p**2 - 3*p - 6. Suppose 3*r + 4*o - 11 = 0, 4*o = -37*r + 32*r + 21. Give a(r).
-21
Let v(a) = -2*a**2 + 10*a - 7. Let q(l) = 10*l**2 + 0 - 5*l**2 - 3*l - 2. Let y be q(-1). Determine v(y).
-19
Let f(q) = q**3 - 12*q**2 + 2. Let m be f(12). Let w(g) = -7 + g - 9 - 5*g**2 - 5 + 4*g**m. Calculate w(0)